 224*h - 3509. Determine k(15).
-599
Let q(k) = 7*k**2 - 593*k + 20425. What is q(38)?
7999
Let v(u) = -u**3 - 14*u**2 + 44*u + 519. Determine v(-14).
-97
Let j(c) = -2*c**2 - 447*c + 116222. Calculate j(154).
-48
Let r(q) = q**2 + 340*q + 8042. Give r(-25).
167
Let h(c) = -559*c + 44448. Determine h(80).
-272
Let d(j) = 6780*j + 318633. What is d(-47)?
-27
Let h(y) = y**2 - 280*y + 150. Give h(0).
150
Let f(q) = q**3 - 93*q**2 - 7226*q + 672014. Calculate f(93).
-4
Let q(x) = -x**2 - 87*x + 162. What is q(-86)?
248
Let c(u) = -u**3 - 125*u**2 - 2277*u + 1541. Determine c(-23).
-46
Let z(g) = -3*g**3 + 731*g**2 + 14126*g - 77. Give z(-18).
-5
Let t(k) = -23*k**2 - 1834*k - 3632. Give t(-2).
-56
Let z(c) = -42*c**2 - 322*c - 347. Calculate z(-6).
73
Let b(n) = 127825*n - 2556556. What is b(20)?
-56
Let c(j) = 10*j**3 + 720*j**2 - 23*j - 1638. Determine c(-72).
18
Let s(w) = -w**3 - 24*w**2 - 22*w + 315. Calculate s(-22).
-169
Let o(f) = 74108*f - 74015. Calculate o(1).
93
Let l(z) = -3*z**3 + 32*z**2 - 26*z - 579. What is l(8)?
-275
Let k(x) = x**2 + 190*x + 383. What is k(-189)?
194
Let g(w) = -18*w**3 + 211*w**2 - 609*w + 19. What is g(5)?
-1
Let n(t) = -1192*t + 96480. Calculate n(81).
-72
Let f(l) = -l**3 + 38*l**2 + 51*l + 1135. Give f(40).
-25
Let d(p) = -p**3 + 10*p**2 + 110*p - 1028. Determine d(12).
4
Let z(s) = 8*s**3 - 302*s**2 - 14*s + 40. Calculate z(38).
2396
Let j(v) = 39*v + 1852. What is j(-55)?
-293
Let a(m) = 88*m**2 + 1271*m - 23. Give a(-14).
-569
Let x(p) = -p**2 - 82*p + 2919. What is x(27)?
-24
Let g(v) = 160*v**2 + 12480*v - 79. Give g(-78).
-79
Let y(s) = -9*s**3 - 426*s**2 - 135*s + 211. Calculate y(-47).
-71
Let l(x) = -x**3 - 28*x**2 + 2007*x + 56439. What is l(-28)?
243
Let v(d) = -46*d**3 - 1230*d**2 + 335*d + 54. Give v(-27).
-243
Let h(d) = 467*d - 62582. Calculate h(134).
-4
Let o(q) = -3*q**3 - 357*q**2 - 51*q - 6011. Give o(-119).
58
Let s(c) = 30*c**3 + 873*c**2 + 5465*c + 99. Determine s(-20).
-1
Let c(v) = -71*v + 3081. What is c(43)?
28
Let y(p) = 1855*p - 3560. Calculate y(2).
150
Let j(v) = -109801*v + 3293947. Calculate j(30).
-83
Let z(g) = 821*g**2 - 5433*g - 26. What is z(7)?
2172
Let c(j) = 5*j**2 + 2541*j - 10252. Give c(4).
-8
Let v(r) = -r**3 - 165*r**2 - 491*r - 853. Calculate v(-162).
-43
Let s(t) = -2*t**3 - 23*t**2 - 71*t - 21. What is s(-3)?
39
Let q(b) = 585*b + 21929. Calculate q(-37).
284
Let r(d) = d**3 - 10*d**2 + 357*d - 164. Calculate r(0).
-164
Let u(d) = 47*d**2 + 108*d - 424. What is u(-8)?
1720
Let i(d) = 1394*d - 322025. What is i(231)?
-11
Let w(d) = 73*d**2 - 4960*d + 94. Calculate w(68).
366
Let t(o) = -454*o + 8637. Determine t(19).
11
Let o(u) = -19041*u + 190443. What is o(10)?
33
Let z(i) = -108708*i - 325299. What is z(-3)?
825
Let m(b) = 3*b**2 + 43393*b - 303889. Determine m(7).
9
Let c(k) = k**2 - 7440*k - 246376. Determine c(-33).
233
Let u(i) = 33*i**3 - 12*i**2 + 10*i + 59. Calculate u(-2).
-273
Let d(b) = b**3 - 6*b**2 - 891*b - 4182. Give d(-5).
-2
Let b(r) = -r**2 - 58*r + 10. Give b(-8).
410
Let j(f) = 1057*f**2 - 8459*f + 19. What is j(8)?
-5
Let u(m) = -31*m + 764. What is u(16)?
268
Let i(h) = -12157*h + 206655. Give i(17).
-14
Let h(i) = 1737584*i + 8687988. Determine h(-5).
68
Let s(n) = 24*n**2 - 2090*n + 2092. Calculate s(1).
26
Let l(a) = 2*a**3 + 658*a**2 - 1421*a - 31949. Give l(-331).
158
Let a(l) = 45*l**2 + 144*l + 3. Give a(-3).
-24
Let b(s) = 38*s**2 - 590*s - 23. What is b(16)?
265
Let r(v) = 1684*v**2 - 131361*v + 705. Give r(78).
3
Let z(v) = -652*v - 50208. What is z(-77)?
-4
Let b(w) = 3*w**3 + 918*w**2 + 837*w - 23743. Determine b(-305).
47
Let x(t) = -t**2 - 264*t + 8962. Give x(29).
465
Let d(c) = -116*c + 11399. What is d(98)?
31
Let n(l) = -68*l - 7194. Give n(-71).
-2366
Let w(f) = 3475*f - 93923. Calculate w(27).
-98
Let x(m) = -999512*m - 9995134. Determine x(-10).
-14
Let q(h) = 1230*h - 338276. Determine q(275).
-26
Let o(k) = 129545*k - 777280. Determine o(6).
-10
Let t(k) = 23*k**2 - 553*k + 3244. What is t(14)?
10
Let h(c) = 14299*c - 271688. Determine h(19).
-7
Let p(k) = k**3 - 14*k**2 - 203*k + 60. Give p(-9).
24
Let t(a) = -a**3 - 62*a**2 + 557*a - 170. Determine t(-70).
40
Let y(l) = l**3 + 40*l**2 - 341*l - 670. Calculate y(-47).
-106
Let c(f) = -f**3 + 4*f**2 + 2612*f - 10492. Determine c(4).
-44
Let z(k) = -k**3 - 413*k**2 - 12553*k - 4940. Give z(-380).
0
Let r(v) = 1490*v**2 - 4570*v + 30. Determine r(3).
-270
Let m(l) = 2*l**2 + 1431*l + 22173. Calculate m(-16).
-211
Let b(c) = -c**3 - 66*c**2 - 402*c + 557. Calculate b(-8).
61
Let p(o) = 12*o**2 + 122*o + 106. Give p(5).
1016
Let p(c) = -c**3 - 341*c**2 - 251*c + 30282. What is p(-340)?
22
Let i(w) = 440*w - 4571. Determine i(15).
2029
Let l(r) = r**3 + 266*r**2 + 568*r + 10481. Determine l(-264).
-79
Let l(q) = 15518*q**2 - 139661*q - 2. Give l(9).
7
Let w(b) = b**2 + 318*b - 28092. What is w(-390)?
-12
Let d(g) = -g**2 + 10765*g - 7501997. What is d(749)?
-13
Let h(c) = -33964*c - 441226. Calculate h(-13).
306
Let n(c) = 995547*c + 5973298. Give n(-6).
16
Let s(i) = -32*i**3 + 6337*i**2 - 374*i + 34862. Determine s(198).
14
Let c(w) = -551*w - 15669. Determine c(-27).
-792
Let k(v) = -31*v**2 + 3889*v + 6084. Calculate k(127).
-12
Let b(c) = 70*c - 12802. Determine b(167).
-1112
Let p(a) = 300023*a - 600039. What is p(2)?
7
Let d(c) = -2*c**3 + 2060*c**2 + 8471*c - 205767. Determine d(1034).
-1
Let u(x) = x**3 + 380*x**2 + 599*x - 200566. What is u(-377)?
-2
Let w(g) = g**3 + 185*g**2 + 348*g - 3402. What is w(-183)?
-108
Let d(x) = x**2 + 675*x + 14348. What is d(-22)?
-18
Let o(j) = -j**3 + 15*j**2 + 104*j - 1520. Calculate o(10).
20
Let w(x) = -14*x**2 - 28*x + 69. Determine w(-5).
-141
Let o(z) = 8216*z + 344877. Calculate o(-42).
-195
Let b(z) = -z**2 + 597*z + 236388. Calculate b(-272).
20
Let u(h) = -1699*h + 62962. Determine u(37).
99
Let k(f) = 2*f**3 + 297*f**2 - 7429*f + 6508. Determine k(21).
-2
Let g(j) = -j**3 - 378*j**2 - 1533*j - 13707. What is g(-374)?
131
Let i(j) = 1498*j - 150003. Calculate i(100).
-203
Let p(k) = 9*k**2 - 880*k + 423. Calculate p(98).
619
Let z(d) = -7*d**3 + 213*d**2 - 1111*d + 60. Calculate z(7).
319
Let f(x) = -1149*x + 58351. Calculate f(50).
901
Let d(t) = 44*t**2 + 1712*t + 1684. Give d(-38).
164
Let r(i) = -47*i**2 - 3906*i - 385. What is r(-83)?
30
Let z(n) = -n**3 + 15*n**2 + 2115*n - 536. What is z(54)?
-50
Let o(c) = -3*c**2 + 19*c + 495. What is o(-13)?
-259
Let c(l) = -395*l**2 + 893*l + 893. What is c(-1)?
-395
Let w(g) = 11812*g + 413235. What is w(-35)?
-185
Let s(z) = 136*z**2 + 90*z + 122. Calculate s(-3).
1076
Let x(l) = 4*l**2 - 3914*l + 84148. What is x(22)?
-24
Let p(b) = 106*b**2 - 4*b - 154. Give p(0).
-154
Let s(o) = -o**2 - 264*o - 12211. Calculate s(-60).
29
Let j(q) = -2018*q + 795093. What is j(394)?
1
Let q(p) = p**3 + 101*p**2 + 1416*p - 202. Determine q(-17).
2
Let d(s) = -s**3 + 24*s**2 + 958*s - 687. Calculate d(45).
-102
Let c(o) = -2*o**3 - 7*o**2 + 63*o + 34. Give c(10).
-2036
Let r(c) = 928*c**2 + 20460*c + 976. What is r(-22)?
8
Let i(a) = a**2 - 5665*a + 859. Determine i(0).
859
Let y(l) = -123919*l + 991385. Determine y(8).
33
Let q(v) = 83965*v - 2099133. Give q(25).
-8
Let w(b) = -4*b**2 - 312*b + 4691. Determine w(-93).
-889
Let w(o) = -2*o**2 + 712*o + 144004. Give w(-144).
4
Let f(z) = -z**3 - 20*z**2 + 95*z + 305. Give f(-24).
329
Let d(r) = -21*r**3 - 2*r**2 - 39*r + 155. Calculate d(4).
-1377
Let b(k) = -16*k**3 + 117*k**2 + 463*k - 3479. Give b(7).
7
Let t(f) = 6852*f - 801717. Calculate t(117).
-33
Let k(t) = -17264*t + 327991. Determine k(19).
-25
Let u(t) = -6*t**2 + 20*t + 1260. Calculate u(16).
44
Let x(r) = 4*r**3 - 7*r**2 + 160*r - 516. Calculate x(3).
9
Let m(c) = 1362*c + 306470. What is m(-225)?
20
Let o(v) = 10867*v - 1358376. What is o(125)?
-1
Let q(x) = -x**3 - 44*x**2 + 687*x + 839. Determine q(-56).
-1
Let c(w) = -w**3 + 394*w**2 + 241*w + 60858. Determine c(395).
28
Let m(t) = -t**3 + 38*t**2 - 73*t + 1415. Calculate m(37).
83
Let a(z) = 2*z**2 + 772*z - 323339. Calculate a(253).
-5
Let c(i) = -i**3 - 45*i**2 + 68*i + 9872. Give c(-41).
360
Let c(x) = -84*x**2 - 67875*x - 2427. Determine c(-808).
-3
Let q(j) = 238138*j - 9525514. Give q(40).
6
Let t(f) = 22